{"id":1999,"date":"2023-05-13T04:40:46","date_gmt":"2023-05-13T04:40:46","guid":{"rendered":"https:\/\/consejoguerrero.gob.mx\/cpp\/?page_id=1999"},"modified":"2023-05-23T18:04:15","modified_gmt":"2023-05-23T18:04:15","slug":"consejo-guerrero","status":"publish","type":"page","link":"https:\/\/consejoguerrero.gob.mx\/cpp\/consejo-guerrero","title":{"rendered":"Consejo Guerrero"},"content":{"rendered":"\n<p class=\" eplus-wrapper\"><\/p>\n\n\n\n<div class=\"wp-block-advgb-accordions advgb-accordions-ae604b9f-e846-4ca2-a274-6b1a1eb8d33f advgb-accordion-wrapper\">\n<div class=\"wp-block-advgb-accordion-item advgb-accordion-item advgb-dyn-82798e63\" style=\"margin-bottom:15px\"><div class=\"advgb-accordion-header\" style=\"background-color:#eeeeee;color:#000000;border-style:solid;border-width:1px;border-radius:2px\"><span class=\"advgb-accordion-header-icon\"><svg fill=\"#ab0033\" xmlns=\"http:\/\/www.w3.org\/2000\/svg\" width=\"24\" height=\"24\" viewBox=\"0 0 24 24\"><path fill=\"none\" d=\"M0,0h24v24H0V0z\"><\/path><path d=\"M6,10c-1.1,0-2,0.9-2,2s0.9,2,2,2s2-0.9,2-2S7.1,10,6,10z M18,10c-1.1,0-2,0.9-2,2s0.9,2,2,2s2-0.9,2-2S19.1,10,18,10z M12,10c-1.1,0-2,0.9-2,2s0.9,2,2,2s2-0.9,2-2S13.1,10,12,10z\"><\/path><\/svg><\/span><h3 class=\"advgb-accordion-header-title\" style=\"color:inherit\">\u00bfQui\u00e9nes somos?<\/h3><\/div><div class=\"advgb-accordion-body\" style=\"border-style:solid !important;border-width:1px !important;border-color:undefined !important;border-top:none !important;border-radius:2px !important\">\n<p class=\" eplus-wrapper\">El Consejo de Pol\u00edticas P\u00fablicas del Estado de Guerrero (Consejo Guerrero) es un \u00d3rgano Aut\u00f3nomo T\u00e9cnico&nbsp;del Poder Ejecutivo del Estado de Guerrero ,&nbsp;que tiene como funci\u00f3n central la planificaci\u00f3n de pol\u00edticas p\u00fablicas para el desarrollo social del Estado y de los Municipios; a trav\u00e9s del dise\u00f1o, seguimiento y verificaci\u00f3n de resultados dirigidos a la superaci\u00f3n de la pobreza y a la generaci\u00f3n de bienestar. Procurando que toda acci\u00f3n de gobierno atienda irrestrictamente la protecci\u00f3n de los derechos humanos y a la dignidad de las personas.<\/p>\n\n\n\n<p class=\" eplus-wrapper\">Consejo Guerrero se integra por un Consejero Presidente, cuatro Consejeros y un \u00d3rgano Asesor multiactor honor\u00edfico que act\u00faa por medio de comit\u00e9s internos, que re\u00fane la diversidad de conocimientos, opiniones y visiones que permiten debatir, dise\u00f1ar y proponer iniciativas, proyectos y recomendaciones a favor del desarrollo social del Estado de Guerrero.&nbsp;<\/p>\n\n\n\n<p class=\" eplus-wrapper\">Su sustento legal se encuentra en la Constituci\u00f3n Pol\u00edtica del Estado Libre y Soberano de Guerrero, en la Ley Org\u00e1nica de la Administraci\u00f3n P\u00fablica del Estado de Guerrero n\u00famero 242 y en su Reglamento Interno (actualmente en proceso de revisi\u00f3n) coordinando sus actividades por mandato legal con el Consejo Nacional de Evaluaci\u00f3n de la Pol\u00edtica de Desarrollo Social (CONEVAL), la Secretar\u00eda de Planeaci\u00f3n y Desarrollo Regional (SEPLADER) y la Secretar\u00eda de Bienestar.<\/p>\n<\/div><\/div>\n\n\n\n<div class=\"wp-block-advgb-accordion-item advgb-accordion-item advgb-dyn-f2876c5a\" style=\"margin-bottom:15px\"><div class=\"advgb-accordion-header\" style=\"background-color:#eeeeee;color:#000000;border-style:solid;border-width:1px;border-radius:2px\"><span class=\"advgb-accordion-header-icon\"><svg fill=\"#ab0033\" xmlns=\"http:\/\/www.w3.org\/2000\/svg\" width=\"24\" height=\"24\" viewBox=\"0 0 24 24\"><path fill=\"none\" d=\"M0,0h24v24H0V0z\"><\/path><path d=\"M6,10c-1.1,0-2,0.9-2,2s0.9,2,2,2s2-0.9,2-2S7.1,10,6,10z M18,10c-1.1,0-2,0.9-2,2s0.9,2,2,2s2-0.9,2-2S19.1,10,18,10z M12,10c-1.1,0-2,0.9-2,2s0.9,2,2,2s2-0.9,2-2S13.1,10,12,10z\"><\/path><\/svg><\/span><h3 class=\"advgb-accordion-header-title\" style=\"color:inherit\">Misi\u00f3n y Visi\u00f3n<\/h3><\/div><div class=\"advgb-accordion-body\" style=\"border-style:solid !important;border-width:1px !important;border-color:undefined !important;border-top:none !important;border-radius:2px !important\">\n<table class=\"wp-block-advgb-table advgb-table-frontend\"><tbody><tr><td><img loading=\"lazy\" decoding=\"async\" src=\"https:\/\/consejoguerrero.gob.mx\/cpp\/wp-content\/uploads\/2022\/08\/main_logo.jpg\" alt=\"\" width=\"226\" height=\"226\"><\/td><td><strong>MISI\u00d3N<\/strong> <br>Promover estrategias a favor de la superaci\u00f3n de la pobreza, la generaci\u00f3n de bienestar social y el desarrollo integral equilibrado y sostenible del Estado de Guerrero.<\/td><\/tr><tr><td><img loading=\"lazy\" decoding=\"async\" src=\"https:\/\/consejoguerrero.gob.mx\/cpp\/wp-content\/uploads\/2022\/08\/main_logo.jpg\" alt=\"\" width=\"226\" height=\"226\"><\/td><td><strong>VISI\u00d3N<\/strong> <br>Consolidar al Consejo Guerrero como una instituci\u00f3n profesional e innovadora, reconocida por su credibilidad y rigor t\u00e9cnico en cuanto a la generaci\u00f3n de iniciativas emanadas de una planeaci\u00f3n estrat\u00e9gica.<\/td><\/tr><\/tbody><\/table>\n<\/div><\/div>\n\n\n\n<div class=\"wp-block-advgb-accordion-item advgb-accordion-item advgb-dyn-f45c8560\" style=\"margin-bottom:15px\"><div class=\"advgb-accordion-header\" style=\"background-color:#eeeeee;color:#000000;border-style:solid;border-width:1px;border-radius:2px\"><span class=\"advgb-accordion-header-icon\"><svg fill=\"#ab0033\" xmlns=\"http:\/\/www.w3.org\/2000\/svg\" width=\"24\" height=\"24\" viewBox=\"0 0 24 24\"><path fill=\"none\" d=\"M0,0h24v24H0V0z\"><\/path><path d=\"M6,10c-1.1,0-2,0.9-2,2s0.9,2,2,2s2-0.9,2-2S7.1,10,6,10z M18,10c-1.1,0-2,0.9-2,2s0.9,2,2,2s2-0.9,2-2S19.1,10,18,10z M12,10c-1.1,0-2,0.9-2,2s0.9,2,2,2s2-0.9,2-2S13.1,10,12,10z\"><\/path><\/svg><\/span><h3 class=\"advgb-accordion-header-title\" style=\"color:inherit\">Competencias<\/h3><\/div><div class=\"advgb-accordion-body\" style=\"border-style:solid !important;border-width:1px !important;border-color:undefined !important;border-top:none !important;border-radius:2px !important\"><ul class=\"eplus-wrapper wp-block-list eplus-styles-uid-ec0cfc\">\n<li class=\" eplus-wrapper\">Coadyuva\u00a0en el proceso de planeaci\u00f3n estrat\u00e9gica del desarrollo estatal, determinando, las prioridades de pol\u00edticas p\u00fablicas en cada una de las ramas de la administraci\u00f3n;<\/li>\n\n\n\n<li class=\" eplus-wrapper\">Act\u00faa como\u00a0\u00f3rgano de consulta\u00a0del Titular del Estado y de la Administraci\u00f3n P\u00fablica Estatal y Municipal en el dise\u00f1o, evaluaci\u00f3n y seguimiento de planes, programas y pol\u00edticas p\u00fablicas.<\/li>\n\n\n\n<li class=\" eplus-wrapper\">Propone al Titular del Estado iniciativas legislativas que establezcan las bases, lineamientos y criterios a las que deber\u00e1n ajustarse las pol\u00edticas p\u00fablicas del Estado;\u00a0<\/li>\n\n\n\n<li class=\" eplus-wrapper\">Formula opiniones y recomendaciones para el dise\u00f1o, elaboraci\u00f3n, implementaci\u00f3n, seguimiento y evaluaci\u00f3n del Plan Estatal de Desarrollo, los planes y programas sectoriales y municipales y su alineaci\u00f3n al cumplimiento de los Objetivos de Desarrollo Sostenible de las Agenda 2030;<\/li>\n\n\n\n<li class=\" eplus-wrapper\">Vigila que la formulaci\u00f3n de pol\u00edticas p\u00fablicas se realice observando los enfoques transversales de g\u00e9nero, perspectiva generacional, pertenencia \u00e9tnica, equilibrio geogr\u00e1fico, interculturalidad, discapacidad y desarrollo sustentable; y<\/li>\n\n\n\n<li class=\" eplus-wrapper\">Promueve pol\u00edticas p\u00fablicas encaminadas al desarrollo sustentable y equilibrado\u00a0entre las regiones y los municipios del Estado; y<\/li>\n\n\n\n<li class=\" eplus-wrapper\">Eval\u00faa la pol\u00edtica social del estado para el desarrollo social y superaci\u00f3n de la pobreza en la entidad, conforme a la ley de la materia.<\/li>\n<\/ul><\/div><\/div>\n\n\n\n<div class=\"wp-block-advgb-accordion-item advgb-accordion-item advgb-dyn-474e5c11\" style=\"margin-bottom:15px\"><div class=\"advgb-accordion-header\" style=\"background-color:#eeeeee;color:#000000;border-style:solid;border-width:1px;border-radius:2px\"><span class=\"advgb-accordion-header-icon\"><svg fill=\"#ab0033\" xmlns=\"http:\/\/www.w3.org\/2000\/svg\" width=\"24\" height=\"24\" viewBox=\"0 0 24 24\"><path fill=\"none\" d=\"M0,0h24v24H0V0z\"><\/path><path d=\"M6,10c-1.1,0-2,0.9-2,2s0.9,2,2,2s2-0.9,2-2S7.1,10,6,10z M18,10c-1.1,0-2,0.9-2,2s0.9,2,2,2s2-0.9,2-2S19.1,10,18,10z M12,10c-1.1,0-2,0.9-2,2s0.9,2,2,2s2-0.9,2-2S13.1,10,12,10z\"><\/path><\/svg><\/span><h3 class=\"advgb-accordion-header-title\" style=\"color:inherit\">Integrantes<\/h3><\/div><div class=\"advgb-accordion-body\" style=\"border-style:solid !important;border-width:1px !important;border-color:undefined !important;border-top:none !important;border-radius:2px !important\"><div class=\"wp-block-columns eplus-wrapper is-layout-flex wp-container-core-columns-is-layout-9d6595d7 wp-block-columns-is-layout-flex eplus-styles-uid-56c7d9\">\n<div class=\"wp-block-column eplus-wrapper is-layout-flow wp-block-column-is-layout-flow\" style=\"flex-basis:25%\">\n<figure class=\" wp-block-image size-large eplus-wrapper\"><img loading=\"lazy\" decoding=\"async\" width=\"768\" height=\"1024\" src=\"https:\/\/consejoguerrero.gob.mx\/cpp\/wp-content\/uploads\/2022\/08\/car-768x1024.jpeg\" alt=\"\" class=\"wp-image-1519\" srcset=\"https:\/\/consejoguerrero.gob.mx\/cpp\/wp-content\/uploads\/2022\/08\/car-768x1024.jpeg 768w, https:\/\/consejoguerrero.gob.mx\/cpp\/wp-content\/uploads\/2022\/08\/car-225x300.jpeg 225w, https:\/\/consejoguerrero.gob.mx\/cpp\/wp-content\/uploads\/2022\/08\/car-1152x1536.jpeg 1152w, https:\/\/consejoguerrero.gob.mx\/cpp\/wp-content\/uploads\/2022\/08\/car.jpeg 1200w\" sizes=\"auto, (max-width: 768px) 100vw, 768px\" \/><\/figure>\n<\/div>\n\n\n\n<div class=\"wp-block-column is-vertically-aligned-center eplus-wrapper is-layout-flow wp-block-column-is-layout-flow\" style=\"flex-basis:75%\"><h5 class=\" wp-block-heading eplus-wrapper eplus-styles-uid-a62243\">PRESIDENTE<\/h5>\n\n<p class=\" eplus-wrapper eplus-styles-uid-841ad9\">C.P. CARLOS \u00c1LVAREZ REYES<\/p>\n\n\n<p class=\" eplus-wrapper\"><\/p>\n\n\n<ul class=\"eplus-wrapper wp-block-list eplus-styles-uid-474fd1\"><li class=\" eplus-wrapper eplus-styles-uid-1eb5dc\">4 CONSEJEROS<\/li>\n\n<li class=\" eplus-wrapper eplus-styles-uid-1eb5dc\"><a href=\"https:\/\/consejoguerrero.gob.mx\/cpp\/index.php\/directorio\/\" title=\"\">\u00d3RGANO ASESOR<\/a><\/li><\/ul><\/div>\n<\/div><\/div><\/div>\n\n\n\n<div class=\"wp-block-advgb-accordion-item advgb-accordion-item advgb-dyn-e64b98bf\" style=\"margin-bottom:15px\"><div class=\"advgb-accordion-header\" style=\"background-color:#eeeeee;color:#000000;border-style:solid;border-width:1px;border-radius:2px\"><span class=\"advgb-accordion-header-icon\"><svg fill=\"#ab0033\" xmlns=\"http:\/\/www.w3.org\/2000\/svg\" width=\"24\" height=\"24\" viewBox=\"0 0 24 24\"><path fill=\"none\" d=\"M0,0h24v24H0V0z\"><\/path><path d=\"M6,10c-1.1,0-2,0.9-2,2s0.9,2,2,2s2-0.9,2-2S7.1,10,6,10z M18,10c-1.1,0-2,0.9-2,2s0.9,2,2,2s2-0.9,2-2S19.1,10,18,10z M12,10c-1.1,0-2,0.9-2,2s0.9,2,2,2s2-0.9,2-2S13.1,10,12,10z\"><\/path><\/svg><\/span><h3 class=\"advgb-accordion-header-title\" style=\"color:inherit\">Estructura Operativa<\/h3><\/div><div class=\"advgb-accordion-body\" style=\"border-style:solid !important;border-width:1px !important;border-color:undefined !important;border-top:none !important;border-radius:2px !important\"><ul class=\"eplus-wrapper wp-block-list eplus-styles-uid-67b2a9\">\n<li class=\" eplus-wrapper\">Direcci\u00f3n General<\/li>\n\n\n\n<li class=\" eplus-wrapper\">Direcci\u00f3n de Asuntos Jur\u00eddicos<\/li>\n\n\n\n<li class=\" eplus-wrapper\">Direcci\u00f3n de Planificaci\u00f3n, Seguimiento y Evaluaci\u00f3n de Pol\u00edticas P\u00fablicas<\/li>\n\n\n\n<li class=\" eplus-wrapper\">Direcci\u00f3n de Vinculaci\u00f3n, Gesti\u00f3n y Fortalecimiento Institucional<\/li>\n\n\n\n<li class=\" eplus-wrapper\">Direcci\u00f3n de Coordinaci\u00f3n T\u00e9cnica de la Informaci\u00f3n, Archivo y Transparencia<\/li>\n\n\n\n<li class=\" eplus-wrapper\">Delegaci\u00f3n Administrativa<\/li>\n\n\n\n<li class=\" eplus-wrapper\">\u00d3rgano de Control Interno<\/li>\n<\/ul><\/div><\/div>\n\n\n\n<div class=\"wp-block-advgb-accordion-item advgb-accordion-item advgb-dyn-9426a2db\" style=\"margin-bottom:15px\"><div class=\"advgb-accordion-header\" style=\"background-color:#eeeeee;color:#000000;border-style:solid;border-width:1px;border-radius:2px\"><span class=\"advgb-accordion-header-icon\"><svg fill=\"#ab0033\" xmlns=\"http:\/\/www.w3.org\/2000\/svg\" width=\"24\" height=\"24\" viewBox=\"0 0 24 24\"><path fill=\"none\" d=\"M0,0h24v24H0V0z\"><\/path><path d=\"M6,10c-1.1,0-2,0.9-2,2s0.9,2,2,2s2-0.9,2-2S7.1,10,6,10z M18,10c-1.1,0-2,0.9-2,2s0.9,2,2,2s2-0.9,2-2S19.1,10,18,10z M12,10c-1.1,0-2,0.9-2,2s0.9,2,2,2s2-0.9,2-2S13.1,10,12,10z\"><\/path><\/svg><\/span><h3 class=\"advgb-accordion-header-title\" style=\"color:inherit\">Marco Normativo<\/h3><\/div><div class=\"advgb-accordion-body\" style=\"border-style:solid !important;border-width:1px !important;border-color:undefined !important;border-top:none !important;border-radius:2px !important\"><ul class=\"eplus-wrapper wp-block-list eplus-styles-uid-91a65f\">\n<li class=\" eplus-wrapper\">\u00a0Constituci\u00f3n Pol\u00edtica del Estado Libre y Soberano de Guerrero<\/li>\n\n\n\n<li class=\" eplus-wrapper\">Ley Org\u00e1nica de la Administraci\u00f3n P\u00fablica del Estado de Guerrero, n\u00famero 242<\/li>\n<\/ul><\/div><\/div>\n<\/div>\n","protected":false},"excerpt":{"rendered":"","protected":false},"author":1,"featured_media":0,"parent":0,"menu_order":0,"comment_status":"closed","ping_status":"closed","template":"","meta":{"advgb_blocks_editor_width":"","advgb_blocks_columns_visual_guide":"","editor_plus_copied_stylings":"{}","footnotes":""},"class_list":["post-1999","page","type-page","status-publish","hentry"],"aioseo_notices":[],"featured_image_src":"","featured_image_src_square":false,"rbea_author_info":{"display_name":"webadmin","author_link":"https:\/\/consejoguerrero.gob.mx\/cpp\/author\/webadmin"},"rbea_excerpt_info":null,"coauthors":[],"author_meta":{"author_link":"https:\/\/consejoguerrero.gob.mx\/cpp\/author\/webadmin","display_name":"webadmin"},"relative_dates":{"created":"Publicado 3 a\u00f1os hace","modified":"Actualizado 3 a\u00f1os hace"},"absolute_dates":{"created":"Publicado el mayo 13, 2023","modified":"Actualizado el mayo 23, 2023"},"absolute_dates_time":{"created":"Publicado el mayo 13, 2023 4:40 am","modified":"Actualizado el mayo 23, 2023 6:04 pm"},"featured_img_caption":"","featured_img":false,"series_order":"","_links":{"self":[{"href":"https:\/\/consejoguerrero.gob.mx\/cpp\/wp-json\/wp\/v2\/pages\/1999","targetHints":{"allow":["GET"]}}],"collection":[{"href":"https:\/\/consejoguerrero.gob.mx\/cpp\/wp-json\/wp\/v2\/pages"}],"about":[{"href":"https:\/\/consejoguerrero.gob.mx\/cpp\/wp-json\/wp\/v2\/types\/page"}],"author":[{"embeddable":true,"href":"https:\/\/consejoguerrero.gob.mx\/cpp\/wp-json\/wp\/v2\/users\/1"}],"replies":[{"embeddable":true,"href":"https:\/\/consejoguerrero.gob.mx\/cpp\/wp-json\/wp\/v2\/comments?post=1999"}],"version-history":[{"count":22,"href":"https:\/\/consejoguerrero.gob.mx\/cpp\/wp-json\/wp\/v2\/pages\/1999\/revisions"}],"predecessor-version":[{"id":2241,"href":"https:\/\/consejoguerrero.gob.mx\/cpp\/wp-json\/wp\/v2\/pages\/1999\/revisions\/2241"}],"wp:attachment":[{"href":"https:\/\/consejoguerrero.gob.mx\/cpp\/wp-json\/wp\/v2\/media?parent=1999"}],"curies":[{"name":"wp","href":"https:\/\/api.w.org\/{rel}","templated":true}]}}